{"id":218,"date":"2022-04-13T21:51:00","date_gmt":"2022-04-13T21:51:00","guid":{"rendered":"https:\/\/bondear.com.ar\/tienda\/?post_type=product&#038;p=218"},"modified":"2022-05-18T20:41:14","modified_gmt":"2022-05-18T20:41:14","slug":"microfibra","status":"publish","type":"product","link":"https:\/\/bondear.com.ar\/tienda\/producto\/microfibra\/","title":{"rendered":"Bondeado de Microfibra"},"content":{"rendered":"<p>La\u00a0microfibra\u00a0es un tipo de fibra sint\u00e9tica muy fina con la que se fabrica un textil no tejido llamado, por extensi\u00f3n, tambi\u00e9n\u00a0microfibra.<\/p>\n","protected":false},"excerpt":{"rendered":"<p>La\u00a0microfibra\u00a0es un tipo de fibra sint\u00e9tica muy fina con la que se fabrica un textil no tejido llamado, por extensi\u00f3n, tambi\u00e9n\u00a0microfibra.<\/p>\n","protected":false},"featured_media":219,"template":"","meta":[],"product_brand":[],"product_cat":[19],"product_tag":[],"class_list":{"0":"post-218","1":"product","2":"type-product","3":"status-publish","4":"has-post-thumbnail","6":"product_cat-telas","7":"entry","9":"first","10":"instock","11":"shipping-taxable","12":"purchasable","13":"product-type-simple"},"_links":{"self":[{"href":"https:\/\/bondear.com.ar\/tienda\/wp-json\/wp\/v2\/product\/218","targetHints":{"allow":["GET"]}}],"collection":[{"href":"https:\/\/bondear.com.ar\/tienda\/wp-json\/wp\/v2\/product"}],"about":[{"href":"https:\/\/bondear.com.ar\/tienda\/wp-json\/wp\/v2\/types\/product"}],"wp:featuredmedia":[{"embeddable":true,"href":"https:\/\/bondear.com.ar\/tienda\/wp-json\/wp\/v2\/media\/219"}],"wp:attachment":[{"href":"https:\/\/bondear.com.ar\/tienda\/wp-json\/wp\/v2\/media?parent=218"}],"wp:term":[{"taxonomy":"product_brand","embeddable":true,"href":"https:\/\/bondear.com.ar\/tienda\/wp-json\/wp\/v2\/product_brand?post=218"},{"taxonomy":"product_cat","embeddable":true,"href":"https:\/\/bondear.com.ar\/tienda\/wp-json\/wp\/v2\/product_cat?post=218"},{"taxonomy":"product_tag","embeddable":true,"href":"https:\/\/bondear.com.ar\/tienda\/wp-json\/wp\/v2\/product_tag?post=218"}],"curies":[{"name":"wp","href":"https:\/\/api.w.org\/{rel}","templated":true}]}}